g) = g**3 + 3*g**2 + g - 1. Let h be i(-2). List the prime factors of (-5)/(-15)*(130 - h).
43
Let g(t) = -5*t + 3*t**2 + t**3 + 0*t**3 + t**2. Suppose -5*n - 4*l + 4 = 20, l = 2*n + 9. List the prime factors of g(n).
2, 5
Suppose -5*y + 477 = k, -y - k = -6*k - 85. What are the prime factors of y?
5, 19
Suppose -5*o - f = -237, -5*o - 2*f + 194 = -40. What are the prime factors of o?
2, 3
Let i(u) = u + 11. Let s be i(0). Let r(g) = g**2 - 13*g + 16. Let p be r(s). What are the prime factors of (4/(-6))/(p/63)?
7
Suppose 3*p = -129 + 483. List the prime factors of p.
2, 59
Suppose -3*n - n = -8. Suppose -w = n*w - 9. Suppose w*g = 6*g - 6. List the prime factors of g.
2
Suppose -118 = -3*v + 2. Suppose -3*p = -4*c - v, -p - 6*c + 5*c = -4. List the prime factors of p.
2
Suppose 2*g - 318 - 74 = 0. What are the prime factors of g?
2, 7
Let b(h) = -h**3 + 6*h**2 + 2*h. Let x be 8 + (-1 - 3) + 1. List the prime factors of b(x).
5, 7
Suppose 0 = -z - 0 + 3. Suppose -2*r + z = -5. Let a(y) = -y**2 + 5*y + 1. List the prime factors of a(r).
5
Suppose -28 = 3*j - 4*j - 4*q, 4*q = -5*j + 156. What are the prime factors of j?
2
Let l = 9 - 15. List the prime factors of (62/l)/(2/(-6)).
31
Let m = -23 - -33. What are the prime factors of m?
2, 5
Let u = -317 - -599. List the prime factors of u.
2, 3, 47
Suppose 1 = -o + 6. Suppose o*j = -5*v + 20, 3*v - 4*j = -j - 12. Suppose 4*a - 48 = -v*a. List the prime factors of a.
2, 3
Let b(l) = -l - 6. Let t be b(-11). Suppose -16 - 14 = -t*p. What are the prime factors of p?
2, 3
Suppose 0 = 4*m - 12, 3*m = 3*v + v - 19. Suppose v*q - 3*q - 16 = 0. What are the prime factors of q?
2
Suppose 0 = 5*p - 262 - 218. What are the prime factors of p?
2, 3
Suppose -3*z = 3*x - 111, 3*z - 116 = 4*x - 2*x. List the prime factors of (1*z)/(6/6).
2, 19
Suppose 0 = -3*h - 4*x + 1, h + 2*x = 5*x - 17. Suppose -4*u + 24 + 10 = -2*v, -4*u = -3*v - 35. Let r = h + u. List the prime factors of r.
3
Let w(q) = q**3 + 4*q**2 - 3*q + 6. Let j be w(-5). Let c(h) be the third derivative of h**5/60 + h**4/6 + 5*h**3/6 - h**2. What are the prime factors of c(j)?
5
Let y be (38/(-4))/((-1)/12). Suppose -4*u + y = -62. Suppose -s + 5*s - u = 0. List the prime factors of s.
11
Suppose g + 0*g - 3 = -2*f, 0 = 5*f - 5. Let m = g - -14. Let i = m + -7. List the prime factors of i.
2
Let n be 2/(-8) + 4/16. Suppose 0 = -5*m - n*m + 30. What are the prime factors of m?
2, 3
Let w(o) = 5*o - 1. Let n be w(-2). Let k(h) = -h + 3. What are the prime factors of k(n)?
2, 7
Suppose 4*a + 67 = 3*u, 25 = -u + 2*u - 2*a. Suppose u = 3*r - 70. What are the prime factors of r?
29
Let s(b) = -1 + 10*b + 2 + 3*b - 2. What are the prime factors of s(3)?
2, 19
Suppose -h - 16 = -5*h, -s - h = -3. Let d be s*(8/(-2) + -1). Suppose -d*j + 47 = 12. What are the prime factors of j?
7
Let i = 37 - 6. Let l = -17 - 2. Let h = l + i. List the prime factors of h.
2, 3
Suppose 0 = 3*i - 5 - 4. Suppose 45 = -i*u + d, -30 = 2*u - 0*u + 4*d. Let v = -9 - u. List the prime factors of v.
2, 3
Let u = -2 - 0. What are the prime factors of 3/u*6/(-3)?
3
Suppose -2*k + k = -4*n + 932, 5*k + 20 = 0. What are the prime factors of n?
2, 29
Let t(d) = -7*d - 1. Let r(p) = 10*p + 1. Let g(h) = 5*r(h) + 7*t(h). Let b be g(6). List the prime factors of 6*(10/b + -1).
3
Suppose -621 = -15*c + 6*c. List the prime factors of c.
3, 23
Suppose -229 = -7*y + 611. What are the prime factors of y?
2, 3, 5
Suppose 0 = -j + 3*s - 11, -j + 3*j = -s + 6. Let l = j + 6. List the prime factors of l.
7
Let h(x) = 8*x**2 - 9*x**2 + 4*x + 9 - 2*x. What are the prime factors of h(0)?
3
Let h(g) = 5*g**2 - 3*g + 4. Suppose 5*d = -2*u + 19, 0 = -4*d + 2*u + 8. Let l be h(d). Suppose l = 6*j - j. List the prime factors of j.
2
Let a be (1 - 1)/(-1*2). What are the prime factors of (a - 9)/((-3)/4)?
2, 3
Suppose 5*t = t + 4*b + 704, 2*t = -4*b + 370. List the prime factors of t.
179
Let m(q) = 3*q**2 - 3*q + 6. Let z be m(-5). Suppose b = -3*b + z. List the prime factors of b.
2, 3
Let j(u) = u**3 - 4*u**2 - 6*u + 5. Let a(q) = 6*q**3 - 1. Let y be a(1). Let l be j(y). Suppose l = -2*b + 4*i, -1 = -5*i + 4. What are the prime factors of b?
2
Let b = 72 + -22. Suppose -3*f - 15 = 0, -f + 3*f = -4*u + b. What are the prime factors of u?
3, 5
Let g = -39 - -17. What are the prime factors of (g/10)/((-2)/10)?
11
Suppose 0 = g - 5*g + 72. What are the prime factors of 150/14 - g/(-63)?
11
Let s be -2 + 16 + 1/(-1). Suppose 2*w = -5 - s. Let p = -3 - w. List the prime factors of p.
2, 3
Let j(c) = -14*c**3 + c - 2. Let z be j(1). Suppose 5*b + 50 = -2*f, 5*b - 5 = 5*f + 85. List the prime factors of (10 + -2)*z/f.
2, 3
List the prime factors of (-2)/9 - 160/(-72).
2
List the prime factors of (-1 + 2)*(-2 - -104).
2, 3, 17
Let v = 78 + -40. What are the prime factors of v?
2, 19
Suppose 0 = 5*m + 4 + 16. Let r = m + -2. Let q = r - -8. What are the prime factors of q?
2
Let x(k) = -6*k - 17. List the prime factors of x(-11).
7
Let l(g) = -g**2 + 7*g - 11. Let t be l(9). Let j = -14 - t. List the prime factors of j.
3, 5
Let u be 92/20 + 2/5. Suppose 5*y - 10 - 17 = -w, -u*w + 15 = y. List the prime factors of w.
2
List the prime factors of ((-2)/(-3))/(2/54).
2, 3
Suppose 25 = 2*n + 5*k, 5*k = -4*n + 3*k + 58. Suppose 0 = s - 5*u - 13, 5*s = 2*s - 3*u - n. What are the prime factors of s/(-6)*(1 - -8)?
3
Let r = 0 + 34. Suppose -3*s - z = 5 - r, -5*z + 35 = 5*s. What are the prime factors of s?
11
Let s(v) = 9*v + 4. What are the prime factors of s(3)?
31
Let u be ((-2)/(-4))/(2/(-24)). Let m be 14/3 + u/9. Suppose 5*c - 8 = c + 2*b, -4*c + 3*b = -m. What are the prime factors of c?
2
Suppose -5*i = -3*p - 10*i - 70, -26 = p + 3*i. Let d be (-128)/p + 6/(-15). Let o = d - -4. List the prime factors of o.
2, 5
Let b(y) = 154*y**3 + y**2 - 1. List the prime factors of b(1).
2, 7, 11
List the prime factors of (-1)/2 + 47/2.
23
Let m = -15 + 7. List the prime factors of ((-4)/5)/(m/100).
2, 5
Let m(g) = g + 1. Let a be m(2). What are the prime factors of 33/5 + a/(-5)?
2, 3
Let v(o) = -o**3 + 10*o**2 - 10*o. Let n be v(8). Suppose -2*s - n = -6*s. What are the prime factors of s?
2, 3
List the prime factors of (-2)/(-2*4/184).
2, 23
List the prime factors of ((-9)/6)/((-5)/170).
3, 17
Let k = -5 - -8. Suppose g - 112 = -k*g. Suppose -t = 3*t - g. What are the prime factors of t?
7
Suppose 7*x = 4*x. Suppose 3*j + 7 + 2 = x. Let u(f) = f**2 - f - 4. What are the prime factors of u(j)?
2
Suppose -5*f + 18 = 4*w + 73, 2*w - 18 = 4*f. Let g = 10 + f. Suppose -4*j - 4 = 0, -4*u + 9 = -g*u + 3*j. What are the prime factors of u?
2, 3
Let q(k) = 62*k. What are the prime factors of q(1)?
2, 31
Let z = -15 - -9. Let x = z - -12. Suppose x*y - y - 30 = 0. List the prime factors of y.
2, 3
Suppose -s = -3*s. Suppose s = 3*u - 4 - 2. Suppose 2*d - 10 = -u*y - 0*y, 5*d = 4*y - 20. What are the prime factors of y?
5
Let j(h) = h**3 + 9*h**2 + h - 1. What are the prime factors of j(-5)?
2, 47
Let a(o) = o**2 + 8*o - 36. What are the prime factors of a(11)?
173
Let z be (-4 + -2)*2/(-6). Suppose j + 5*f = 13, 2*j - 4*f = -0 - z. Suppose -4*u = 5*a - 20, j*a = -4*u + 3*u + 12. List the prime factors of a.
2
Suppose -18 = f - 30. What are the prime factors of f?
2, 3
Suppose 4 - 1 = s, -5*g - 5 = -5*s. Suppose -g*b + 9 = b. List the prime factors of b.
3
Let t = 83 + -5. List the prime factors of t.
2, 3, 13
Suppose 5*r - 4*r = 22. Let m = r - 13. Suppose t - v - m - 2 = 0, 5*t = 4*v + 55. What are the prime factors of t?
11
Let k(l) = l - 10. Let i be k(11). What are the prime factors of -2 + -7*(i + -2)?
5
Let f(c) be the second derivative of c**4/24 - c**3/6 + 3*c**2/2 + 3*c. Let x(r) be the first derivative of f(r). List the prime factors of x(5).
2
Let i = 4 - 3. Let g = 11 + i. List the prime factors of g.
2, 3
Let n be (3 + -2 + 1)*2. Suppose -16*m + 18*m = 46. Suppose m = 3*l - n. List the prime factors of l.
3
Suppose 5*v = 15, 4*l - 80 = -3*v + 65. Let n = -5 + l. List the prime factors of n.
29
Let s(j) = -j - 10. Let n be s(-12). Let v be (-6)/((-9)/3) - n. Suppose v = -h - 4*f + 19, 0 = -5*h + 5*f - 0*f + 70. What are the prime factors of h?
3, 5
Let x(y) = -y**3 + 15*y**2 + 2*y + 22. What are the prime factors 